 5*q - 52 = 4*x. List the prime factors of q.
2
What are the prime factors of ((-3)/2)/((-120)/(-80)) - -1218?
1217
Suppose 2*r - 3*w = 7687 + 464, 2*r - 8143 = -5*w. What are the prime factors of r?
2, 3, 7, 97
Suppose 0*j + 4*n - 106 = -3*j, 2*n - 68 = -2*j. Suppose 5*x - j - 105 = 0. List the prime factors of x.
3
Suppose 4565 = -112*h + 117*h. List the prime factors of h.
11, 83
Let u(z) = -z + 16. Let o(v) = 4*v - 48. Let a(c) = 2*o(c) + 7*u(c). Let l be a(-11). Suppose 8*p = l*p + 96. List the prime factors of p.
2
Suppose 0 = -17*u + 2 + 15. Suppose 2*t + 4*j + 23 = -7, j + 20 = -3*t. List the prime factors of (-2)/u*(t + -5).
2, 5
Suppose -m = -43 - 50. Let g = m - 13. List the prime factors of g.
2, 5
Let n(o) = -13*o - 73. Let z be n(-7). Suppose 7*l = z*l - 2992. What are the prime factors of l?
2, 17
Let g(v) = v**3 - 28*v - 5. What are the prime factors of g(-5)?
2, 5
Let m = 11 - 31. Let h = -11 - m. Let f = -1 + h. List the prime factors of f.
2
Let k(u) = -u**3 - 3*u**2 + 10*u - 11. Let o be k(-8). Suppose 5*c - 2*x - 1064 = 0, 0 = -4*c + 3*c - 5*x + o. What are the prime factors of c?
2, 107
Let n be 54/3*11/3. Let r = n - 18. What are the prime factors of r?
2, 3
Let w be (-7 + 4)*(-1 + 0). Suppose 0 = -w*m - 13 + 61. What are the prime factors of (20/m)/(2/8)?
5
Suppose -3*g - 2*i = i + 255, -2*g - i - 175 = 0. Let z = g - -163. What are the prime factors of z?
73
Let z be 32/6*15/2. Let y = -109 + 113. Suppose -y*x - n = -z, 3*x - 10 = x - 3*n. List the prime factors of x.
11
Let o be -4 - (-137 + -3 + 2). Suppose -o = 57*c - 58*c. List the prime factors of c.
2, 67
Suppose -o - 2*p + 997 = 0, 2676 = 3*o - 5*p - 315. List the prime factors of o.
997
Suppose -t - 226 = -3*f + 3*t, -242 = -3*f - 4*t. Let r be f - 2 - (2 + -6). Suppose 0 = 3*b + 6*s - 2*s - r, b - 35 = -3*s. What are the prime factors of b?
2, 5
Let v(a) = a**3 + 21*a**2 + 19*a - 21. Let o be v(-20). What are the prime factors of (o - 2 - -25)*5?
2, 5, 11
Let b = -845 + 848. Let z(r) be the third derivative of r**6/120 + r**5/30 + r**4/6 - r**3/2 + r**2. List the prime factors of z(b).
2, 3
Suppose 3*k + 3*f = 3099, 0 = -4*k + 4*f + 2557 + 1575. What are the prime factors of k?
1033
Let z(f) = -f**3 + f**2 + 1. Let v(k) = 4*k**3 + 19*k**2 + 8*k - 2. Let d(a) = v(a) + 5*z(a). What are the prime factors of d(24)?
3, 5, 13
Suppose 3*k + 545 = 3*m + 71, -4*m = -3*k - 630. Let v = 86 - 80. Suppose -v*o + m = -3*o. What are the prime factors of o?
2, 13
Let d be (-4 - 28/(-8))*14. Let m be 1/d + 758/14. Let x = 8 + m. List the prime factors of x.
2, 31
Let d(b) = b**3 - 4*b**2 - 3*b + 3. Let o be d(5). Let y be (48 - -2) + 35/21*-3. Let s = y + o. List the prime factors of s.
2, 29
Let b(f) = 1 - 5*f + 0*f + 1 + 3*f + 230*f**2. List the prime factors of b(1).
2, 5, 23
Suppose -244*z + 243*z + 892 = 0. List the prime factors of z.
2, 223
Suppose 4*r - 5070 = -5*w, 15*w = 2*r + 10*w - 2550. What are the prime factors of r?
2, 5, 127
Suppose 0*w = 3*w - 27. Let d = 57 + w. What are the prime factors of d?
2, 3, 11
Suppose 4*l + 5*t = 4*t + 8511, -l + 2123 = 5*t. List the prime factors of l.
2, 7, 19
Suppose -17*v + 1032 = -7162. List the prime factors of v.
2, 241
Let g be (8 + -4)/(-1 + (-1 - -3)). What are the prime factors of 0 + (44 - (-4 + g))?
2, 11
Let m = 2229 - 1217. List the prime factors of m.
2, 11, 23
Let v = -61 + 67. Suppose -v*i = 98 - 956. What are the prime factors of i?
11, 13
Suppose 3*g + 0*o - 2*o = 14, 5*g + 4*o + 6 = 0. Suppose -4*z + 22 = 3*t - g*z, -4*t - 4*z + 24 = 0. What are the prime factors of t?
2, 5
Suppose 2*h + 2820 = j, 3*j - 15*h - 8468 = -17*h. What are the prime factors of j?
2, 17, 83
Let i(u) = u**3 + 12*u**2 - 13*u + 4. Let o be i(-13). Suppose 0 = o*f - f + 48. Let r = 6 - f. What are the prime factors of r?
2, 11
Suppose 16191 = 14*r + 3857. What are the prime factors of r?
881
List the prime factors of 1255*1 + 16/(-240)*0.
5, 251
Let z(p) = -p**3 - 6*p**2 + 5*p + 58. What are the prime factors of z(-11)?
2, 19
Suppose 0 = 5*i - 3*z - 16 - 8, -2*z = -2*i + 12. Suppose 50 = 5*m - 2*s, -i*s - 55 = -5*m - 2*s. List the prime factors of m.
2, 3
Let i be (-18285)/(-12) + -5 + (-1)/(-4). Suppose 11*a = 4*a + i. List the prime factors of a.
7, 31
Let h(a) = 4*a. Let t be h(5). Suppose t = 4*n - 0. Suppose -4*d - 18 = -o, -d = -n*o + d + 36. What are the prime factors of o?
2, 3
Suppose -3*o = g + 20, -4*o + 0*g = 2*g + 24. Let s(y) be the second derivative of y**4/12 + 2*y**3/3 - 3*y**2 - 3*y. List the prime factors of s(o).
2, 13
Let u = 38 + -21. Suppose 3*h - 13 - u = 0. What are the prime factors of h?
2, 5
Let j be ((-14)/(-77) - 10/(-66))*12. Let i = 123 - 64. Suppose -5*m + 109 = j*k, 3*k + k = 3*m - i. What are the prime factors of m?
3, 7
Suppose -4*d = -14 + 2. Let z(j) = 3 + 5*j**2 + d*j - j - 2. What are the prime factors of z(-2)?
17
Suppose -5*d + 0*o + 622 = -o, -2*o - 619 = -5*d. List the prime factors of d.
5
Suppose 3*d = 6*d - 3. Let i be 0 - d/(2/(-6)). Suppose 0 = 2*c - y - 53, -i*y = -4*c + 113 - 6. List the prime factors of c.
2, 13
Suppose 80 = -2*f + 7*f. Let s be (-1)/(-8) + 1554/112. Suppose -5*q + f = -s. List the prime factors of q.
2, 3
Suppose 1538 - 262 = 2*h - 2*a, -5*h + 3154 = 4*a. List the prime factors of h.
2, 317
Let s(w) = w**3 - 5*w**2 + 5*w + 7. Let o be s(6). Suppose -3*c = -2*v - 46, -c = -v + c - 24. List the prime factors of v/(-150) - o/(-15).
5
Let w(r) = r**3 - 14*r**2 - 15*r. Let q(h) = 4*h - 9. Let z be q(6). Let o be w(z). Suppose o = s - 11. What are the prime factors of s?
11
Let o(z) = z**2 - 5*z - 20. Let l = 8 + -16. Let k be (l/10)/((-10)/125). What are the prime factors of o(k)?
2, 3, 5
Let y = -37 - -41. Suppose -y*c = -27 - 85. List the prime factors of c.
2, 7
Suppose 9*w - 2695 - 779 = 0. What are the prime factors of w?
2, 193
Suppose 3*y - 2 + 5 = 2*p, 3*p + 4*y + 21 = 0. Let g(w) = -3*w**3 - 3*w + 1. What are the prime factors of g(p)?
7, 13
Let q(y) be the first derivative of 2*y**3/3 - 2*y - 1. Let a be q(4). Let n = a - 4. What are the prime factors of n?
2, 13
Let s(j) = j**2 + 11*j + 13. Let f be s(-10). Suppose -f*o = -0*o - 495. What are the prime factors of o?
3, 5, 11
Suppose -440 = -5*o + 2*l, l = -o - o + 176. List the prime factors of o.
2, 11
Let x(v) = -v**3 - 4*v**2 + 19*v - 11. Let o be x(-7). Suppose -4*g = -k - 0*k + 301, 3*k - o*g = 948. List the prime factors of k.
3, 107
Let n = 22 + -11. Suppose n*g + 141 = 14*g. What are the prime factors of g?
47
Let q = 561 - 984. Let b be (q/15)/(1/(-5)). Suppose -h - 3*u + 37 = -u, 4*h = -u + b. What are the prime factors of h?
5, 7
Suppose -5*k + 953 = -2267. List the prime factors of k.
2, 7, 23
Let c be -1 - (-2 - (-13)/(-1)). Let n be 36/c - 3/(-7). List the prime factors of 34 - 3*(-4)/n.
2, 19
Suppose -g = 83 - 23. Suppose 0 = -3*w - 2*v - 115, 2*v = 5*w + 7*v + 195. Let b = w - g. List the prime factors of b.
23
Suppose 52*f - 3055 = -2*g + 47*f, -3059 = -2*g - f. What are the prime factors of g?
2, 3, 5, 17
Suppose -3*z + 30 = 2*z. Suppose z = 2*x + x. Suppose x*j + 68 = 6*j. List the prime factors of j.
17
Let s(b) = 44*b - 8. Let q(y) = y - 1. Let g(h) = 5*q(h) - s(h). What are the prime factors of g(-2)?
3
Let j(l) = -l**3 - 13*l**2 - 12*l + 4. Let a = -33 + 21. Let s be j(a). Suppose -s*o - o = -170. List the prime factors of o.
2, 17
Suppose c + 551 - 2843 = 0. What are the prime factors of c?
2, 3, 191
Let t(m) = m**2 + 5*m - 2. Let s be t(-7). List the prime factors of ((-57)/6)/((-3)/s).
2, 19
Let c be ((-22)/(-4) - 1)*800/(-24). Let l = -81 - c. List the prime factors of l.
3, 23
Let q = 47 + 27. Let g be -2*1*9/(-6). Suppose -5*n - 20 = -5*c - 130, q = g*n + 5*c. List the prime factors of n.
23
Suppose -11 = 2*c + 25. Let i be (-27)/(3/(c/2)). Let r = i - 49. What are the prime factors of r?
2
Let p be 3*76/6 - -2. Suppose 4*q - 2*n = -13 - 7, -4*q - p = 3*n. Let z(r) = r**3 + 6*r**2 - 10*r - 6. What are the prime factors of z(q)?
3, 5
Let q = -2 + 6. Suppose 0 = i + q*i - 5. List the prime factors of (9 - 9/(-3))/i.
2, 3
Let z(n) = 59*n + 523. List the prime factors of z(22).
3, 607
Let n(o) = -5*o - 7. Let r(k) = 3*k + 9. Let y(a) = -4*a - 8. Let l(g) = -3*r(g) - 2*y(g). Let f be l(